vative of -y**4/12 + y**3/2 + 5*y**2/2 - 2*y. Determine d(m).
-5
Let q = 15 - 12. Suppose q*m = 7*m. Let r(v) = v**3 + v**3 - 6*v**2 + m + 3 - v**3 + 2*v. Determine r(5).
-12
Let j(n) = -n**2 - 4*n - 2. Let l = 49 + -39. Let w be ((-12)/l*1)/((-4)/(-10)). Calculate j(w).
1
Let r(b) = 3 - 2 + b + 0 - 2*b. Let m be r(0). Let z(v) = -1 + 125*v**2 + 123*v**2 - 251*v**2. Give z(m).
-4
Let q(d) = d - 6. Let h be q(10). Let y(i) = -3*i - 3*i**2 - 2*i**2 + 4 - i**2 + 7*i**2. Determine y(h).
8
Suppose 0 = -14*x + 18*x - 12. Let g(w) = -117*w - 2 - 5*w**2 - w**x + 231*w + 6 - 112*w. Calculate g(-5).
-6
Suppose 2*l = -4 - 2. Let g(c) = c - 2. Suppose 7*f + 5*x - 27 = 3*f, -5*x + 9 = -2*f. Let k(u) = -1. Let b(s) = f*k(s) - 2*g(s). Give b(l).
7
Let y be (-2)/7 + 46/14. Suppose -y*o = -o - 6. Let q(f) = f**3 - 5*f**2 + f + 4. Let n(l) = l**3 - 6*l**2 + 6. Let c(u) = 2*n(u) - 3*q(u). Determine c(o).
-9
Let w = -111/7 + 1339/84. Let j(n) be the second derivative of 1/2*n**2 + 0 + n + 0*n**3 - w*n**4. Calculate j(1).
0
Suppose -3*r + 37 = 10. Let l(j) = r*j + 2*j + 5 - 12*j. Calculate l(5).
0
Let n(k) be the third derivative of -7/6*k**3 - 1/24*k**4 + 6*k**2 + 0*k + 0. Calculate n(-7).
0
Suppose u - 10 = -4*k - 0*u, -k + 5 = -u. Let q(f) = 196*f - 1 - 387*f + 6*f**2 - f**k + 193*f. What is q(6)?
11
Suppose i = a - 7, 303 = a + i + 308. Suppose -f + 3*c - 6 = -20, -18 = -5*f + 2*c. Let k(s) = 1 + 9*s**3 - 2*s - 2*s**f - s**2 + 4*s**2. Calculate k(a).
9
Let p(q) = 6*q + 2*q + 8*q**2 - 8 + q**3 + 5 - 1 - 6. What is p(-7)?
-17
Let q(o) = 10*o**2 + 5*o. Let s(p) = 31*p**2 + 13*p. Let k(m) = -8*q(m) + 3*s(m). Let a(h) = h**2 + 9*h + 7. Let j be a(-8). What is k(j)?
14
Suppose 7*y = 21*y - 28. Let i(a) = -7*a - 2. Determine i(y).
-16
Let l(d) = d**3 - d**2 - d. Suppose -4*q - 4*f + 19 = q, -2*q = f - 7. Let b(x) = x**2 + 17*x + 22. Let r be b(-16). Suppose 3*z = r*z - q. Determine l(z).
-1
Let t(w) = w**3 + 7*w**2 - 9*w - 5. Let m be t(-8). Let c be 120/18 - (-1)/m. Let s(u) = u - 3. Determine s(c).
4
Let c(m) = m**2 - 4*m - 16. Let j be c(7). Suppose -j*n = -6*n - 5*x + 24, 4*n - x = -9. Let u(h) = 2*h**2 - h. Give u(n).
3
Let u = 12 - 5. Suppose -u*w = -3*w - 36. Let p(z) = 8*z - 2*z - 84*z**2 + 85*z**2 + w. Give p(-6).
9
Let r be 1/(1 - 24/27). Let s be 39/(-2)*(-6)/r. Let o(k) = -3*k + 23 - 8 - s. Give o(4).
-10
Suppose 12 + 14 = 13*l. Let n(f) = -2*f**2 + 3*f. What is n(l)?
-2
Let u(i) = -i**2 - 6*i + 6. Suppose 3*j - 2*j - 4 = 0. Let w be (3/(-6))/(j/48). Calculate u(w).
6
Let c = 174 + -186. Let o(r) = r + 4 - 5 + 4 + 8. Determine o(c).
-1
Let b(d) = -d**3 + 3*d**2 + 5*d - 2. Let j be (-1)/(0 - (-1)/(-4)). Let z(u) = -7 + 3*u - 1 + 0. Let t be z(j). Determine b(t).
2
Let k be 84/(-18) + (-2)/(-3). Let x be 3*4/k + 7. Suppose x*g = 6*g + 8. Let p(t) = -t**2 - 3*t + 5. Determine p(g).
1
Suppose -2*z = -z - 2. Let q(g) = 0*g**2 + g**z - 7 + 9 + 4*g. Calculate q(-5).
7
Let p(r) = -6 - 20 + 3*r - 2*r + 30. Calculate p(-3).
1
Let s(u) = -u**2 + 2*u + 2. Let p(a) = -4*a + 28. Let d be p(11). Let i be (-6)/5*(-40)/d. Give s(i).
-13
Let x(g) = -118 - 116 + 2*g + 350 - 118. What is x(1)?
0
Let z(x) be the first derivative of -11*x**2/2 - 2*x - 28. Calculate z(2).
-24
Suppose -3*f + 6 = 0, 4*r - 2*f + 6 = -f. Suppose -4*g - 71 + 71 = 0. Let t(m) = g*m - 3*m + 3*m + m**2. Calculate t(r).
1
Let c(o) = 3*o**2 + 5*o - 3. Let n(r) = 2*r**2 + 3*r - 2. Let k(i) = -5*c(i) + 7*n(i). Give k(-6).
-11
Let d = -7 - -11. Let x be -4 - (-2)/8*-14*-2. Let l be 384/72 - d/x. Let c(a) = -a**3 + 4*a**2 + 2*a - 3. Calculate c(l).
5
Suppose -16 = -3*r - 22. Let l(z) = z**3 - 3*z + 5*z - 4*z + 1. Determine l(r).
-3
Suppose 148 + 86 = 6*v. Let c = v + -32. Let i(p) be the second derivative of p**4/12 - p**3 - 9*p**2/2 - p. What is i(c)?
-2
Let u(h) = 5*h**2. Let k = -103 - -208. Let d be (-2)/(-7) + 75/k. Calculate u(d).
5
Suppose 22*r = 21*r. Let f(p) = 2*p + 0*p - 3*p + 13. Calculate f(r).
13
Let u(o) = o**3 - 7*o**2 + 10*o - 6. Let q be u(6). Let s be (q/(-27))/((-4)/6). Let t(w) = 9*w - s + 6*w - 11*w. What is t(3)?
11
Let n(a) = -a**3 + 64*a + 12*a**2 - 33*a - 27 - 28*a. What is n(12)?
9
Let q(l) = -15*l**2 + 40*l + 5. Let n(s) = -7*s**2 + 19*s + 2. Let b(w) = 13*n(w) - 6*q(w). Give b(4).
8
Let c(l) = 2*l**2 + 5*l + 5. Let d(k) = -k**2 + 43*k + 237. Let w be d(-5). Give c(w).
8
Let b(n) be the third derivative of 0*n - 11/6*n**3 + 0 - 1/24*n**4 - 21*n**2. Calculate b(-10).
-1
Let h be -3 - 24*(-2)/(-10)*-5. Suppose 0 = -2*k + h - 11. Let v(a) = a**3 - 6*a**2 + 3*a - 2. Determine v(k).
-12
Let y(k) = k - 1. Let o(n) = n**2 + 6*n + 5. Let r be o(-8). Let q(t) be the first derivative of -9*t**2/2 + 9*t + 7. Let s(x) = r*y(x) + 2*q(x). Give s(2).
3
Let c(k) = k**3 - 7*k**2 + 6*k - 1. Let h = -4 + 3. Let f = 5 - h. Calculate c(f).
-1
Let b(m) = m - 7. Let y = 652 + -652. Calculate b(y).
-7
Let z(s) be the second derivative of s**5/120 - s**4/24 - s**3/6 - 21*s. Let g(r) be the second derivative of z(r). Calculate g(6).
5
Suppose -3*s = y + 20, 20*y - 75 = 11*s + 22*y. Let r(j) = 5*j + 4*j - 5*j + 4. What is r(s)?
-24
Let i(r) be the second derivative of -r**3/2 - 30*r**2 + 57*r - 2. Determine i(-21).
3
Let q(y) = -y**3 + 5*y**2 - 3*y + 2. Let p = -28 + 38. Suppose -p - 22 = -8*s. Determine q(s).
6
Let s(d) = 5*d. Let f be (-2)/(-5) + 4/(-10). Suppose -5*a + 3*u - 10 = f, 13 = -5*a - 5*u + 3. Give s(a).
-10
Let b(t) = -t**3 - 17*t**2 + 19*t + 26. Let k = -1180 - -1162. Determine b(k).
8
Suppose 2*v + 15 = 7*v. Let c(d) = 22. Let y(n) = -n - 6. Let t(o) = c(o) + 3*y(o). What is t(v)?
-5
Let n(l) = -l - 9. Let a be n(-6). Let u(s) = -226*s**2 + 0 - s + 225*s**2 + 1. Calculate u(a).
-5
Let l(w) be the second derivative of -w**4/12 - 11*w**3/6 + w**2 - 2*w + 378. Suppose -2*p - 14 = 8. Determine l(p).
2
Let c(u) = -4*u**2 + 10*u - 7. Let v(t) = -t**2 + 3*t - 2. Let g(m) = -2*c(m) + 7*v(m). Let f be -3 + (-60)/(-6) + -8. Give g(f).
0
Let a(z) = 5*z + 1. Let v = 44 + -20. Suppose -27*y - 6 = -v*y. What is a(y)?
-9
Let b(u) = u**2 + 6*u + 6. Let y = -349 - -343. Determine b(y).
6
Suppose 2*z = -2*z + 4*d - 16, 5*d = -3*z + 28. Let u(h) be the third derivative of -h**5/15 + h**4/12 - h**3/6 - 350*h**2. Calculate u(z).
-3
Suppose 4*q = -w - 1 + 9, 3*w - 2*q = 10. Let f(d) = 7 - 1 - w*d + 2*d - 15. Calculate f(-6).
3
Let m(o) = 21*o + 28*o - 47*o - 1. Let g(h) = -h. Let f(k) = -5*g(k) - 2*m(k). Determine f(5).
7
Let k(j) = j**2 + j + 1. Suppose u - 10 = 3*v + 20, 5*v = -5. Let s = 24 - u. What is k(s)?
7
Let s(k) be the second derivative of -k**5/5 - k**3/3 + 3*k**2/2 + 30*k. Let v be s(1). Let z(j) = -6*j + 3. Determine z(v).
21
Let q = 26 - 19. Let l(j) = j**3 + 5 + j - 7*j**2 - q*j - 4 + 14*j. Give l(6).
13
Let u(c) be the third derivative of c**6/120 - c**5/12 - c**3/6 + 17*c**2. Suppose -4*s = 12 + 12. Let f = -1 - s. Give u(f).
-1
Suppose -1 - 23 = 6*w. Let z(k) = -k**2 - 3*k + 3. Calculate z(w).
-1
Let j(n) be the first derivative of n**2/2 + 17*n - 515. Give j(-7).
10
Let y(x) = x**3 - 5*x + 4. Let j = 57 - -8. Let a = 68 - j. Determine y(a).
16
Let x(g) = g**3 - 5*g**2 + 3. Let c be (5/(-2))/((-34)/68). Calculate x(c).
3
Let x(t) = 5 - 4 - 3*t**3 - 3*t + 2*t**3 - 5*t**2. Let o = 25 + -24. Let m be (-12)/2 - o*(-1 + -1). Calculate x(m).
-3
Let b(r) = -r**3 - 8*r**2 - 6*r - 3. Let y be (44/77)/(4/(-42)). Calculate b(y).
-39
Let x(d) be the first derivative of d**7/840 - d**6/36 - d**5/120 + 5*d**4/24 + 8*d**3/3 - 25. Let s(f) be the third derivative of x(f). Determine s(10).
-5
Suppose b - 3*k - 153 = 4*b, 0 = -5*b + k - 249. Let d = b - -49. Let c(g) = 5*g + 1. What is c(d)?
-4
Let c(d) be the third derivative of d**6/360 - 7*d**5/120 - d**4/6 - 2*d**3 - 7*d**2. Let u(a) be the first derivative of c(a). Determine u(6).
-10
Let i(u) = -u - 5. Suppose 14*a - 9*a - 23 = m, 2*m + a + 2 = 0. What is i(m)?
-2
Let c(p) = -2*p - 6. Let f be c(-4). Let t(y) = -y**3 + f*y**3 - y**3 - y**3 + 2 - 2*y - 4*y**2. Let a(s) = s**2 + 11*s + 8. Let r be a(-10). Give t(r).
-2
Let y(c) be the first derivative of -3*c**2/2 + 6*c - 82. Determine y(3).
-3
Let b(u) = -u**3 + 6*u**2 - 3*u. Suppose 0 = -5*n - 6*g + 4*g + 22, 5*n - 10 = -5*g. What is b(n)?
-18
Let s = 32 - 28. Let v(p) = p**3 - 5*p**2 + 6*p. What is v